NOAA-Style Climate Reports


Report for 2014 May
                   MONTHLY CLIMATOLOGICAL SUMMARY for MAY. 2014

NAME: Elburn   CITY: Elburn   STATE: Illinois 
ELEV:   836 ft  LAT:  41° 53' 07" N  LONG:  88° 28' 46" W

                   TEMPERATURE (°F), RAIN  (in), WIND SPEED (mph)

                                      HEAT  COOL        AVG
    MEAN                              DEG   DEG         WIND                 DOM
DAY TEMP  HIGH   TIME   LOW    TIME   DAYS  DAYS  RAIN  SPEED HIGH   TIME    DIR
-----------------------------------------------------------------------------------
 1  43.4  47.0   5:00p  39.7   4:15a  21.6   0.0  0.09   4.5  24.0   1:30p   WSW
 2  47.6  52.8   4:40p  44.2   4:30a  17.4   0.0  0.02   3.1  17.0   4:40p   WSW
 3  55.3  67.0   4:05p  43.3   5:25a   9.8   0.1  0.00   2.5  18.0   2:10p   WSW
 4  50.5  57.6   4:45p  43.8  10:20p  14.5   0.0  0.00   1.8  12.0  10:05a     N
 5  49.5  59.3   2:10p  41.9  12:00m  15.5   0.0  0.01   3.8  18.0  12:20p    NE
 6  53.0  65.3   2:25p  39.9   5:50a  12.0   0.0  0.00   3.9  18.0  10:05a    NE
 7  61.7  81.7   3:45p  50.8   7:00a   6.3   3.0  0.00   2.5  15.0   9:05a     E
 8  73.5  89.3   4:40p  53.4  12:10a   0.7   9.2  0.13   3.1  25.0  11:20p    SW
 9  63.7  70.5   2:40p  50.6  11:45p   2.4   1.0  0.17   3.9  23.0  12:25p    SW
10  61.0  77.3   4:15p  43.1   5:40a   7.2   3.2  0.00   1.0  14.0   3:05p   WSW
11  66.6  82.7   3:05p  57.3   3:50a   2.3   3.9  0.54   1.6  17.0   5:00p   ESE
12  72.5  84.3   5:15p  63.1  12:40a   0.3   7.8  0.97   2.5  20.0  11:40a    SW
13  56.5  64.5   4:25a  49.2  12:00m   8.5   0.0  0.16   1.7  13.0   3:35a    SW
14  50.4  56.1   1:55p  45.2  11:40p  14.6   0.0  0.09   2.2  13.0   9:50a     N
15  46.1  55.3   3:10p  40.3   8:10a  18.9   0.0  0.19   2.8  17.0   3:10a     N
16  40.1  45.9   5:40p  35.3   5:50a  24.9   0.0  0.25   1.6  14.0   8:55a   ENE
17  47.8  59.7   2:50p  34.9   5:40a  17.2   0.0  0.00   1.2  11.0   1:00p   WSW
18  55.7  69.9   3:40p  39.6   1:30a  10.0   0.7  0.00   1.9  16.0  10:55a   WSW
19  58.1  67.6   4:10p  43.9   4:55a   7.2   0.4  0.00   2.2  19.0   4:45p   ESE
20  70.5  85.5   3:20p  57.3   5:40a   1.7   7.2  0.58   1.9  16.0   9:05a    SW
21  74.4  88.7   3:50p  62.0  12:00m   0.1   9.5  0.03   1.0  10.0   4:05p     N
22  64.1  74.6   1:00p  51.7   5:55a   4.0   3.1  0.00   1.3  11.0   3:10p     N
23  60.2  73.6   3:20p  46.7   5:40a   6.9   2.1  0.00   1.3  11.0   6:35p     N
24  61.7  75.8   5:20p  45.8   1:35a   6.4   3.0  0.00   0.8   9.0  12:45p    NE
25  69.6  85.9   4:20p  49.3   5:40a   4.0   8.6  0.00   0.7   9.0   1:10p   ESE
26  72.7  87.3   4:15p  59.3   5:45a   0.8   8.4  0.00   0.9  14.0   4:40p   WSW
27  73.3  83.9   5:25p  63.8  12:00m   0.0   8.3  0.02   1.9  14.0   2:45p   WSW
28  66.8  78.2   4:15p  57.5  12:00m   1.5   3.3  0.12   1.9  13.0   4:20p     E
29  67.5  80.2   3:35p  56.8   3:25a   2.8   5.3  0.00   2.3  11.0  11:05a    NE
30  69.9  84.4   2:40p  56.3   1:55a   2.5   7.5  0.00   1.9  11.0   3:50p   ENE
31  74.8  91.0   3:35p  58.6   5:30a   1.6  11.4  0.00   1.4  11.0  12:15p     E
-----------------------------------------------------------------------------------
    60.6  91.0    31    34.9    17   243.6 107.0  3.37   2.1  25.0     8     WSW

Max >=  90.0:  1
Max <=  32.0:  0
Min <=  32.0:  0
Min <=   0.0:  0
Max Rain: 0.97 ON 05/12/14
Days of Rain: 14 (>.01 in) 9 (>.1 in) 0 (>1 in)
Heat Base:  65.0  Cool Base:  65.0  Method: Integration