NOAA-Style Climate Reports


Report for 2014 April
                   MONTHLY CLIMATOLOGICAL SUMMARY for APR. 2014

NAME: Elburn   CITY: Elburn   STATE: Illinois 
ELEV:   836 ft  LAT:  41° 53' 07" N  LONG:  88° 28' 46" W

                   TEMPERATURE (°F), RAIN  (in), WIND SPEED (mph)

                                      HEAT  COOL        AVG
    MEAN                              DEG   DEG         WIND                 DOM
DAY TEMP  HIGH   TIME   LOW    TIME   DAYS  DAYS  RAIN  SPEED HIGH   TIME    DIR
-----------------------------------------------------------------------------------
 1  39.2  53.0  12:05a  29.3  10:30a  25.8   0.0  0.00   5.4  27.0   8:30a     W
 2  39.0  50.4   3:00p  30.2   5:40a  26.0   0.0  0.00   2.7  16.0   6:20p    NE
 3  37.6  42.0   4:50a  34.7   7:15p  27.4   0.0  0.62   4.3  21.0  10:50a   ENE
 4  37.9  43.1   8:05a  34.4  11:45p  27.1   0.0  0.00   3.9  22.0   2:15p   WSW
 5  40.0  52.0   5:10p  29.2   6:45a  25.0   0.0  0.00   0.5  11.0   1:55p    NW
 6  43.0  57.4   3:05p  27.8   6:45a  22.0   0.0  0.00   0.9  15.0  10:25a   SSW
 7  47.1  58.0   1:25p  37.3   4:15a  17.9   0.0  0.00   1.3  16.0  11:15a    NE
 8  48.7  61.5   2:35p  37.1  11:35p  16.2   0.0  0.02   2.3  17.0  11:35a    NW
 9  48.4  61.6   4:15p  31.0   6:55a  16.6   0.0  0.00   2.2  16.0  12:35p    SW
10  53.4  65.1   3:20p  41.1  10:35p  11.6   0.0  0.00   2.1  18.0   9:45a    SW
11  53.6  69.5   4:20p  34.2   6:45a  12.0   0.5  0.00   1.9  18.0   2:55p     N
12  62.5  78.4   4:05p  46.3   5:05a   6.0   3.5  0.00   3.0  18.0   3:45p    SW
13  58.8  67.1  12:35p  49.9   3:45p   6.4   0.2  0.43   2.7  20.0   3:05a    SW
14  38.8  62.5  12:05a  27.7  12:00m  26.2   0.0  0.06   4.7  29.0   3:30a     N
15  29.7  39.1   4:10p  21.4   6:20a  35.3   0.0  0.11   1.2  14.0   4:00p     N
16  39.7  53.0   4:25p  25.6   1:55a  25.3   0.0  0.00   2.6  21.0   3:15p   ESE
17  48.4  58.5   4:05p  39.0   6:50a  16.6   0.0  0.00   3.0  16.0   1:20p   WSW
18  46.0  62.7   3:55p  34.5   6:30a  19.0   0.0  0.00   2.3  13.0   8:30p     N
19  51.7  69.2   4:10p  34.5   4:15a  13.8   0.4  0.00   2.4  11.0  12:20a   ENE
20  61.5  78.7   3:20p  43.1   6:25a   7.1   3.6  0.00   1.8  18.0  12:20p    SW
21  61.7  71.2   2:00p  52.6   6:15a   4.5   1.2  0.03   1.3  13.0  12:10p    SW
22  49.4  60.5   4:25p  35.0  12:00m  15.6   0.0  0.00   3.3  17.0   7:35a     N
23  43.0  55.8   3:15p  29.9   6:20a  22.0   0.0  0.03   2.1  12.0   8:20a   ENE
24  52.4  67.9   2:50p  38.0   1:55a  12.7   0.1  0.03   3.7  22.0  10:40a     E
25  56.3  69.4   4:55p  45.7   4:20a   9.3   0.6  0.09   2.3  23.0   5:05p     N
26  48.8  59.6   1:00p  38.8  10:25p  16.2   0.0  0.02   3.0  18.0   7:05p    NE
27  50.2  60.9   3:35p  39.7  12:05a  14.8   0.0  0.15   5.0  27.0  11:45a   ENE
28  49.5  55.7   3:50p  44.2   2:15a  15.5   0.0  0.52   4.4  21.0  10:00a   ENE
29  51.9  60.4  11:50a  49.0  10:10p  13.1   0.0  0.22   2.0  14.0   1:10p   WSW
30  45.7  49.9  12:05a  41.4   8:55p  19.3   0.0  0.01   3.1  18.0   3:30p   WSW
-----------------------------------------------------------------------------------
    47.8  78.7    20    21.4    15   526.3  10.1  2.34   2.7  29.0    14      SW

Max >=  90.0:  0
Max <=  32.0:  0
Min <=  32.0:  9
Min <=   0.0:  0
Max Rain: 0.62 ON 04/03/14
Days of Rain: 13 (>.01 in) 6 (>.1 in) 0 (>1 in)
Heat Base:  65.0  Cool Base:  65.0  Method: Integration