NOAA-Style Climate Reports


Report for 2014 March
                   MONTHLY CLIMATOLOGICAL SUMMARY for MAR. 2014

NAME: Elburn   CITY: Elburn   STATE: Illinois 
ELEV:   836 ft  LAT:  41° 53' 07" N  LONG:  88° 28' 46" W

                   TEMPERATURE (°F), RAIN  (in), WIND SPEED (mph)

                                      HEAT  COOL        AVG
    MEAN                              DEG   DEG         WIND                 DOM
DAY TEMP  HIGH   TIME   LOW    TIME   DAYS  DAYS  RAIN  SPEED HIGH   TIME    DIR
-----------------------------------------------------------------------------------
 1  17.3  27.6   1:10a   9.1  11:00p  46.0   0.0  0.00   3.4  14.0   9:25a     N
 2   4.7   9.3  12:05a  -3.9  11:00p  60.3   0.0  0.00   3.5  15.0  11:00a     N
 3   4.0  15.2   2:45p  -9.0   5:40a  61.0   0.0  0.01   2.0  10.0   8:05a     N
 4  16.5  24.2   2:50p   7.9  12:20a  48.5   0.0  0.00   1.3  10.0  11:55a     N
 5  19.6  24.4  12:40p  16.2   8:50p  45.4   0.0  0.01   3.0  15.0   1:50p    NE
 6  20.2  28.9   2:35p  12.5   6:20a  44.8   0.0  0.02   1.2   9.0   8:05a   ENE
 7  29.6  42.7   2:10p  12.6   4:45a  35.4   0.0  0.05   1.0   8.0  11:40a    SW
 8  29.1  35.5  12:50a  17.3  11:50p  35.9   0.0  0.04   2.3  12.0   1:50a     N
 9  27.9  37.8   4:05p  14.3   6:50a  35.6   0.0  0.00   2.7  17.0   2:25p    SW
10  39.5  45.3   2:25p  35.2  10:50p  25.5   0.0  0.00   3.0  12.0  12:25a   WSW
11  40.7  50.0  12:25p  33.5  12:00m  24.3   0.0  0.06   2.3  16.0   8:05p     N
12  26.5  33.5  12:05a  12.3  12:00m  38.5   0.0  0.17   1.2  14.0   2:40p     N
13  22.8  35.0   4:25p   8.7   2:55a  42.2   0.0  0.02   1.6  12.0   1:20p    SW
14  40.0  48.1   2:15p  34.4  12:10a  25.0   0.0  0.01   3.4  18.0  12:30p   WSW
15  33.8  41.6   3:10p  26.6  11:55p  31.2   0.0  0.00   2.2  19.0  10:25p     N
16  20.9  26.7  12:05a  15.8  11:05p  44.1   0.0  0.00   5.2  26.0  11:10a    NE
17  26.2  37.8   4:00p  14.4   3:10a  38.8   0.0  0.00   1.5  12.0   9:20a    SW
18  38.3  49.4   4:30p  27.5   6:55a  26.7   0.0  0.00   2.6  17.0   3:55p   ESE
19  38.0  42.0  12:05a  32.7  10:00p  27.0   0.0  0.72   1.9  18.0   8:25p   WSW
20  35.9  46.4   6:15p  28.6   4:45a  29.1   0.0  0.01   0.5  13.0  12:25a   WSW
21  42.1  56.2   2:35p  29.9   4:50a  22.6   0.0  0.01   1.5  14.0   3:10p    NE
22  34.7  40.8   2:00p  26.2  11:55p  30.3   0.0  0.00   1.8  15.0  10:50p     N
23  24.1  32.4   3:40p  17.8   7:10a  40.9   0.0  0.00   2.6  14.0   2:05a     N
24  25.9  35.3   3:50p  17.7   5:00a  39.1   0.0  0.00   1.4  12.0   2:45p   WSW
25  24.2  29.3  12:40a  18.5   6:45a  40.8   0.0  0.03   1.7  15.0   1:30p     N
26  26.8  38.7   4:30p  11.2   6:40a  38.2   0.0  0.00   1.9  16.0  11:05p    SW
27  39.4  50.7  12:00m  32.7   6:30a  25.6   0.0  0.33   3.1  16.0   7:25p    SW
28  38.3  51.9  12:25a  33.5  11:25p  26.7   0.0  0.05   3.0  27.0   1:25a     N
29  35.0  44.5   4:00p  28.6  12:00m  30.0   0.0  0.00   2.7  15.0  12:30p     N
30  39.6  56.1   4:10p  22.3   6:50a  25.4   0.0  0.00   1.4  10.0  10:55a    SW
31  52.4  64.9   1:25p  38.9   5:40a  12.6   0.0  0.00   3.1  23.0   2:25p    SW
-----------------------------------------------------------------------------------
    29.5  64.9    31    -9.0     3  1097.5   0.0  1.54   2.3  27.0    28       N

Max >=  90.0:  0
Max <=  32.0:  8
Min <=  32.0: 24
Min <=   0.0:  2
Max Rain: 0.72 ON 03/19/14
Days of Rain: 10 (>.01 in) 3 (>.1 in) 0 (>1 in)
Heat Base:  65.0  Cool Base:  65.0  Method: Integration