NOAA-Style Climate Reports


Report for 2014 February
                   MONTHLY CLIMATOLOGICAL SUMMARY for FEB. 2014

NAME: Elburn   CITY: Elburn   STATE: Illinois 
ELEV:   836 ft  LAT:  41° 53' 07" N  LONG:  88° 28' 46" W

                   TEMPERATURE (°F), RAIN  (in), WIND SPEED (mph)

                                      HEAT  COOL        AVG
    MEAN                              DEG   DEG         WIND                 DOM
DAY TEMP  HIGH   TIME   LOW    TIME   DAYS  DAYS  RAIN  SPEED HIGH   TIME    DIR
-----------------------------------------------------------------------------------
 1  22.3  29.3   1:50p  16.9  11:35p  42.7   0.0  0.38   2.2  13.0   2:15p     N
 2  10.6  17.2   1:55a  -5.9  12:00m  54.4   0.0  0.01   1.2  13.0   5:50a     N
 3   2.6  14.1  12:30p  -9.2   1:55a  62.4   0.0  0.00   0.9   7.0   1:30p     N
 4  16.2  23.5   2:10p   3.1  12:05a  48.8   0.0  0.00   1.5  12.0   5:35p   NNE
 5  17.6  22.4  12:45a   4.7  12:00m  47.4   0.0  0.00   3.2  16.0   9:35a     N
 6  -2.1   4.7  12:05a  -9.1  12:00m  67.1   0.0  0.00   2.3  14.0   1:05p   WSW
 7  -1.2   8.8   2:35p -11.5   2:40a  66.2   0.0  0.00   2.2  15.0  10:55a   WSW
 8  11.0  19.0   1:35p   0.6  12:45a  54.0   0.0  0.00   0.5   7.0  12:35p   ESE
 9   8.1  16.2   1:30p  -2.5  12:00m  56.9   0.0  0.00   0.7   9.0   2:15p   WSW
10  -2.9   7.8   3:05p -10.1   7:35a  67.9   0.0  0.00   1.1  11.0  10:30a   WSW
11  -2.5   7.9   2:40p -11.2   7:30a  67.5   0.0  0.00   1.2   9.0   4:55a     N
12   9.9  19.3   1:50p  -6.5   2:15a  55.1   0.0  0.00   0.7   7.0  10:00a   ESE
13  20.5  31.9   7:20p  10.1   6:50a  43.8   0.0  0.00   2.0  15.0   6:50p    SW
14  12.2  18.4  12:05a   6.2   4:40a  52.8   0.0  0.00   1.4  14.0  12:10a     N
15  10.8  19.0   2:15p  -0.5   6:45a  54.2   0.0  0.00   1.3  11.0  12:55a   SSW
16  19.3  24.7   1:25p  13.9  12:05a  45.7   0.0  0.00   1.7  12.0   6:50a     N
17  24.0  29.6  11:45p  20.8   7:10a  41.0   0.0  0.00   2.9  21.0  10:55a   ESE
18  31.4  43.1  12:55p  11.7   5:45a  33.6   0.0  0.27   2.0  14.0  12:50p    SW
19  32.1  37.5   2:05p  27.7   1:05a  32.9   0.0  0.01   1.4  11.0  10:55a   WSW
20  35.8  45.4   4:55p  32.7   4:25a  29.2   0.0  0.97   4.9  31.0   7:05p   ENE
21  27.8  34.2  12:05a  22.0  11:45p  37.2   0.0  0.00   7.8  33.0   9:30a   WSW
22  24.0  31.1   1:45p  16.2  12:00m  41.0   0.0  0.00   2.5  14.0  11:30p   WSW
23  17.1  24.4   2:30p  11.7  11:25p  47.9   0.0  0.00   2.3  18.0   8:20p   WSW
24  15.6  22.4   1:15p   7.8   5:35a  49.4   0.0  0.00   0.9  15.0  12:00p   WSW
25  11.7  20.8  11:25a   0.8  11:55p  53.3   0.0  0.00   1.2  16.0  12:45p   WSW
26   6.4  16.0  11:30p  -3.0   4:40a  58.6   0.0  0.00   5.1  26.0   2:25p   WSW
27   4.4  14.4  12:05a  -4.5  10:30p  60.6   0.0  0.00   2.1  17.0   8:00a     N
28  16.1  27.9   2:30p  -3.9  12:05a  48.9   0.0  0.00   1.0  15.0  12:35p   SSW
-----------------------------------------------------------------------------------
    14.2  45.4    20   -11.5     7  1420.5   0.0  1.64   2.1  33.0    21     WSW

Max >=  90.0:  0
Max <=  32.0: 24
Min <=  32.0: 27
Min <=   0.0: 12
Max Rain: 0.97 ON 02/20/14
Days of Rain: 3 (>.01 in) 3 (>.1 in) 0 (>1 in)
Heat Base:  65.0  Cool Base:  65.0  Method: Integration