NOAA-Style Climate Reports


Report for 2014
                            ANNUAL CLIMATOLOGICAL SUMMARY

NAME: Elburn  CITY: Elburn   STATE: Illinois  
ELEV:   836 ft  LAT:  41° 53' 07" N  LONG:  88° 28' 46" W

               TEMPERATURE (°F), HEAT BASE 65.0, COOL BASE 65.0
                          DEP.  HEAT  COOL                                          
        MEAN  MEAN        FROM  DEG   DEG                        MAX  MAX  MIN  MIN 
 YR MO  MAX   MIN   MEAN  NORM  DAYS  DAYS  HI  DATE  LOW  DATE  >=90 <=32 <=32 <=0 
------------------------------------------------------------------------------------
 14  1  22.1   3.6  13.4  -9.7  1592     0  39.5  13 -17.4    6    0   23   31   14
 14  2  22.5   4.6  14.2 -13.3  1421     0  45.4  20 -11.5    7    0   24   27   12
 14  3  38.8  20.1  29.5  -8.7  1097     0  64.9  31  -9.0    3    0    8   24    2
 14  4  59.8  36.8  47.8  -2.4   526    10  78.7  20  21.4   15    0    0    9    0
 14  5  72.4  49.2  60.6   0.1   244   107  91.0  31  34.9   17    1    0    0    0
 14  6  82.7  60.4  70.8   0.7    47   220  93.2  17  49.4   14    4    0    0    0
 14  7  81.1  58.1  69.5  -4.8    63   203  89.9  22  51.3   15    0    0    0    0
 14  8  83.3  62.6  71.8  -0.7    26   236  90.0  24  48.2   15    1    0    0    0
 14  9  73.2  51.4  61.8  -3.1   195    98  87.0   5  37.9   13    0    0    0    0
 14 10  60.7  40.8  50.9  -1.7   445     9  76.7  27  29.0   30    0    0    2    0
 14 11  40.4  23.0  32.3  -7.8   982     0  62.2   3   4.9   21    0   12   23    0
 14 12  35.8  25.1  30.5   3.5  1068     0  49.5  26   2.1   31    0    8   25    0
------------------------------------------------------------------------------------
        56.3  36.5  46.3  -4.0  7707   883  93.2 JUN -17.4  JAN    6   75  141   28

                                PRECIPITATION (in)

               DEP.   MAX        DAYS OF RAIN 
               FROM   OBS.          OVER
 YR MO  TOTAL  NORM   DAY  DATE .01   .1   1
---------------------------------------------
 14  1  2.11   0.49  0.63   10   14    5    0
 14  2  1.64  -0.12  0.97   20    3    3    0
 14  3  1.54  -0.58  0.72   19   10    3    0
 14  4  2.34  -1.10  0.62    3   13    6    0
 14  5  3.37  -0.90  0.97   12   14    9    0
 14  6  4.88   0.81  1.53   30   14   12    1
 14  7  1.61  -2.33  0.72   12    9    5    0
 14  8  4.52  -0.03  1.79   21   10    6    1
 14  9  2.81  -0.84  1.63   10    8    4    1
 14 10  2.91  -0.18  1.19   14    9    4    1
 14 11  0.92  -2.03  0.51   23    7    2    0
 14 12  0.80  -1.38  0.43   22    5    2    0
---------------------------------------------
       29.45 -8.19  1.79  AUG  116   61    4

                                WIND SPEED (mph)
                          DOM
 YR MO   AVG.  HI   DATE  DIR
---------------------------------
 14  1   2.8  28.0   21   WSW
 14  2   2.1  33.0   21   WSW
 14  3   2.3  27.0   28     N
 14  4   2.7  29.0   14    SW
 14  5   2.1  25.0    8   WSW
 14  6   1.4  28.0   30   WSW
 14  7   2.5  27.0   27    NW
 14  8   2.0  24.0    1    NW
 14  9   2.2  33.0    5    NW
 14 10   3.1  40.0   31    NW
 14 11   4.7  34.0    6    NW
 14 12   3.7  29.0   27    NW
---------------------------------
         2.6  40.0  OCT  WSW